 number?
False
Suppose b - 3495 + 1247 = 0. Suppose 3*n - b = -n + 4*z, -4*z + 1106 = 2*n. Is n prime?
False
Let f(v) = -15*v**3 - 2*v**2 - 4*v - 2. Let z be 2*(-3 - 9/(-2)). Suppose 4*c - 16 = 0, 4*r - z*c = -14 - 10. Is f(r) a prime number?
True
Suppose -5*y - 2908 - 4202 = 0. Let i be (-1*1)/(6/y). Suppose 4*j = j + i. Is j composite?
False
Let y = -310 + 724. Let h = -227 + y. Is h a composite number?
True
Suppose 18839 = 5*x + 2*h, -h + 1205 = x - 2564. Let j be x - (1 - (-3 + 2)). Is 3/(5/(j/9)) a prime number?
True
Suppose -2*q = -t - 0*q - 16, -3*t + 3*q - 33 = 0. Let y(p) be the second derivative of -121*p**3/6 + 13*p**2/2 + 4*p. Is y(t) a prime number?
True
Suppose 2*u - 3*s + 57 + 157 = 0, -359 = 3*u + 5*s. Let d = 678 + u. Is d a prime number?
False
Suppose 271 + 145 = r. Let u be (-6)/5*100/(-40)*209. Let b = u - r. Is b composite?
False
Suppose 0*v - 7 = -v. Suppose 4*n + j + 3 = -v, -2*n + j = 2. Is 1 + n - -6*6 composite?
True
Let f be 36/(-45) + 59547/15. Suppose n = 3*w - 2378, 0 = -5*w - 3*n - n + f. Is w a prime number?
False
Let c(a) = -6*a - 11 + 58*a + 100*a. Is c(3) prime?
False
Let n be (3 - 3 - -425) + -3. Suppose 3*c + 5*h - n = c, 3*c - 607 = -h. Let f = 392 - c. Is f composite?
False
Suppose -2*p - 2*i = 3*p - 105, 2*i = 4*p - 102. Suppose -p + 93 = -x. Let m = 188 + x. Is m a prime number?
False
Let i = 67 - -108. Let c = i - -316. Is c composite?
False
Suppose 0 = 2*j - 4*j + 290. Suppose o + 3*o = 2*v + 24, -o + 15 = -2*v. Is v/3*j/(-2) a prime number?
False
Let v be 5 + (-9)/3 + 66. Is (5 + -1)*8483/v composite?
False
Suppose -3*r + 2*g = -1 - 4, -5*g + 1 = -3*r. Suppose 0 = -r*w - 3*w + 342. Is w a composite number?
True
Let f = 2096 + -1126. Let a(l) = -2*l**2 - 16*l - 1. Let k be a(12). Let v = k + f. Is v a composite number?
True
Let k = -85 + 90. Let r(n) = 68*n + 15. Is r(k) composite?
True
Suppose m - 5*p + 2*p - 33 = 0, -2*m - 4*p = -66. Suppose b - 296 = -m. Is b composite?
False
Let i = -14550 + 30019. Is i a composite number?
True
Let b(o) = 11 - o - 2*o + 37*o**2 - 6 + 8. Is b(-5) a composite number?
False
Suppose 15 = -m - 4*m + 5*n, -5*m + 4*n - 11 = 0. Let v(k) = 256*k**2 + 1. Let u be v(m). Is u - (-1 - (0 - -1)) a composite number?
True
Let y be -10*(4 + 88/(-20)). Let h be 0 + -1 - (0 - y). Suppose i = -u + 208, -182 - 6 = -u + h*i. Is u prime?
False
Let y(x) = 61*x + 36. Let o be -3 + 80/(0 - -5). Is y(o) prime?
True
Suppose -24 = -6*s - 0. Suppose -5*j - 3*k - 315 + 1114 = 0, -s*k - 491 = -3*j. Is j prime?
False
Let h(v) = -63*v - 7. Suppose 5 = -5*s - 0. Let w = -5 + s. Is h(w) prime?
False
Suppose 5*g + 0*g = -20. Let u be -4 + (15 - (-4)/g). Let b = u + -4. Is b composite?
True
Let l = -51 + 53. Suppose -l*r - 3689 = -9*r. Is r a composite number?
True
Suppose -6*r + 34802 + 58000 = 0. Is r prime?
True
Let n be (-249)/(-15) + 15/(-25). Let f = 83 - n. Is f a composite number?
False
Let v = 1147 + -228. Is v a prime number?
True
Suppose -355*n + 624164 = -351*n. Is n a prime number?
True
Let u(j) = -2307*j + 65. Is u(-6) a prime number?
True
Is 8/6 + -33*(-754)/117 composite?
True
Let i(k) = -33*k - 30*k - 12 + 1 - 1. Suppose 0 = w - 43 + 48. Is i(w) composite?
True
Let i be (24/(-36))/((-2)/12). Suppose 0 = s - 3, 3*c + 0*s + 3*s = 2967. Suppose -i*r + 30 = -c. Is r composite?
True
Let g = 1385 + -642. Is g a composite number?
False
Suppose 0 = 5*u - 4*w - 45797, -u - w = 2*u - 27468. Is u a composite number?
False
Suppose 0*z - 2*z - j = 4, 0 = 3*z + 5*j + 20. Suppose -5*r + 2*r - 33 = z. Let p(n) = -n**3 - 11*n**2 - 4*n + 9. Is p(r) prime?
True
Let m = 62285 + -44386. Is m composite?
True
Suppose 38*o = -11413 + 93075. Is o a composite number?
True
Let m(b) = b**3 - 20*b**2 + 13*b - 14. Let u be m(19). Is -3 - (-4 + -4 + u) a prime number?
False
Let g = 57 - -466. Let a = 842 - g. Is a a composite number?
True
Let l = -3780 - -7687. Is l prime?
True
Let z(x) = 3*x + 6. Let h be z(4). Suppose -b - h = 2*b. Is (-2)/b + 1520/12 a prime number?
True
Suppose -2*u = -6, -17*l + 13*l + 2*u = -109798. Is l prime?
False
Suppose 0 = 36*r - 50*r + 38206. Is r prime?
True
Let g(k) = 4*k**2 - k - 2. Let w be g(-1). Suppose -190 = 2*h - w*h. Is h + (2 - (3 + -2)) a prime number?
True
Suppose -3*y - 6 = 0, 5*w - 4*y - 871 - 387 = 0. Is 1 + -5 - w/15*-3 a prime number?
False
Let i(t) = -t**3 - 4*t**2 + t. Let d be i(-4). Let u be 4596/27 - d/(-18). Suppose -14 = 4*s - u. Is s a prime number?
False
Let t be (-10)/(-45) - (-176)/18. Suppose -t = -5*k + 5*i, -8 = 3*k + i + 3*i. Suppose -y + 35 = -k*y + 3*s, -3*y - 3*s = -105. Is y a composite number?
True
Let o(i) be the third derivative of i**5/15 + i**3 + 4*i**2. Let p(y) = -y**2. Let t(r) = -o(r) - 5*p(r). Is t(-5) composite?
False
Let p be (0 + -3)/(37968/12664 - 3). Suppose -4*u = k - p, 0 = -u - 0 - 5. Is k a composite number?
True
Suppose -42 = -68*d + 61*d. Is 5622/(d - 5) - -5 prime?
False
Let b(h) = -h**3 + 0*h**3 + 2*h**2 - h**2 - 2 + h + h**2. Let g be b(1). Suppose -150 = -c + w, c + g*w - 145 = -4*w. Is c a prime number?
True
Is 2/(-2) + 12/6 + 1881 a prime number?
False
Let g = 86 - 82. Is g/1 + 0 + 5151 a prime number?
False
Suppose 4*r - 24 + 12 = 0. Suppose 0 = r*k - 1030 - 1997. Is k prime?
True
Let w(x) = -x**2 + x + 26. Let v be w(6). Is (-60)/(-90)*(-9822)/v a composite number?
False
Suppose z = -21*z + 100826. Is z composite?
False
Let j = 56 - -32. Let f = 0 + 1. Let d = f + j. Is d composite?
False
Let y = -8 + 13. Suppose -3*m - 6 = -2*d + 9, -3*d = -y*m - 25. Is (-65 - 2)*(-1 - d) a composite number?
False
Suppose -29913 = -2*a - u, 2*a - a + u - 14954 = 0. Is a composite?
True
Suppose 6273 = 21*a - 4521. Is a a composite number?
True
Suppose 8*z = 3*z + 350. Suppose 4*l = 5*q + 1506, 0 = l + 3*q - 315 - z. Is l prime?
True
Let n(u) = -126*u**3 - 9*u**2 + 4*u - 2. Is n(-5) composite?
True
Let b be 1/3 + (-184)/12. Let v = b + 15. Suppose v = -2*p - 3*s + 263, -p + 3*s + 17 + 101 = 0. Is p a composite number?
False
Let w = 16135 - 8294. Is w a prime number?
True
Suppose 0 = -7*p + 4*p + 15. Is 3740/50 + (-4)/p composite?
True
Let j = -361 + 2798. Is j a prime number?
True
Let z(p) = -p**3 - 4*p**2 + 5*p + 4. Let h be z(-5). Suppose -3175 = -h*o - o. Let a = o - 342. Is a prime?
True
Let a(i) = i**2 + 12*i + 9. Let v be a(-12). Is (1 - (-1406)/v) + (-6)/27 composite?
False
Let o = -3349 + 6134. Suppose -1114 = -2*n + 5*z, -3*n + 4*z + o = 2*n. Is n composite?
False
Let l(d) = 2*d**2 + 25*d - 23. Let z(n) = n**2 + n - 1. Let i(g) = -l(g) + 5*z(g). Is i(14) composite?
True
Suppose -4*o + 4007 = 5*g + 919, 3*o - 4*g - 2285 = 0. Is o a prime number?
False
Suppose 2*i - 3*i + 186 = 0. Let c = i - 23. Is c a composite number?
False
Let v = -3 - 5. Let y(q) = -2*q - 13. Let z be y(v). Suppose 0*a + 861 = w - 5*a, z*w = 4*a + 2539. Is w composite?
True
Let p(x) = 12*x**2 + 2*x + 15. Let g be p(7). Let s = 1110 - g. Is s a prime number?
False
Suppose 17 = -2*s - 83. Let g be (s/(-20))/((-1)/(-60)). Let z = g + -83. Is z a prime number?
True
Suppose -3714 = -2*u - 5*o + 1607, 5*o + 10597 = 4*u. Is u prime?
False
Suppose 6520 = 9*i - 7349. Is i prime?
False
Let w = -35755 - -100104. Is w a prime number?
False
Let k(f) be the second derivative of 11*f**3/3 - 19*f**2/2 + 3*f. Is k(11) a composite number?
False
Suppose 4*r = 5*q - 595803, -r + 2 = -2*r. Is q composite?
False
Let m be 815 + (-3 + 2)/1. Suppose -4*u = -m - 170. Let w = -89 + u. Is w composite?
False
Let g(n) = -n**2 + 11*n + 3. Let l be g(5). Let s be (-22)/l + (-22)/(-6). Suppose 0*y - s*y = -531. Is y prime?
False
Let t(i) = -5008*i + 21. Is t(-2) a prime number?
True
Suppose 0 = -3*t - 2*t + 30. Let m be -2 - 3/t*14. Is 506 + (3 + m - -3) a prime number?
True
Suppose -2*a + 536 = -5*n, -3*n = a - 5*n - 267. Is a a prime number?
True
Let c(x) = 83*x**2 + 15*x - 1. Is c(5) a prime number?
False
Let i = -569 - 134. Let h = i + 1423. Let s = h + -509. Is s prime?
True
Let p(s) = -315*s + 5. Is p(-2) composite?
True
Is 6/(-2) - (12 + -5 + -2063) prime?
True
Suppose 11*q - 16242 = -5495. Is q a composite number?
False
Let a = -23 - -31. Suppose 4*k + 4 = -a. Is -298*k*(-4)/(-24) a composite number?
False
Suppose 4*v - 18 = 2. Suppose -v*n + 3*o + 50 = 0, 0*n + 38 = n + 5*o. Is 